{"id":374,"date":"2016-10-22T22:26:40","date_gmt":"2016-10-22T20:26:40","guid":{"rendered":"https:\/\/ponyconnemara.it\/www\/?page_id=374"},"modified":"2018-12-18T20:20:38","modified_gmt":"2018-12-18T19:20:38","slug":"privacy_cookie-policy","status":"publish","type":"page","link":"https:\/\/ponyconnemara.it\/www\/privacy_cookie-policy\/","title":{"rendered":"Informativa Privacy e Cookie Policy"},"content":{"rendered":"<h5>INFORMATIVA BREVE<\/h5>\n<p>In conformit\u00e0 al Regolamento EU 2016\/679 (GDPR), ci impegnamo per la tutela della sua Privacy nel trattamento dei DATI PERSONALI da lei forniti volontariamente per la richiesta di specifici servizi e\/o per essere contattato.<br \/>\nIl PRESENTE SITO utilizza soltanto Cookie \u201ctecnici\u201d, necessari ad una migliore fruizione da parte del visitatore e per raccogliere informazioni anonime sulle visite al sito.<br \/>\nNavigando nel PRESENTE SITO si acconsente all\u2019utilizzo di cookie in conformit\u00e0 con la presente Policy, ricordando che i cookies memorizzati sul disco fisso del suo dispositivo possono essere cancellati in ogni momento. Se non acconsente all\u2019utilizzo di cookies in questo modo, pu\u00f2 decidere di non utilizzare il nostro sito oppure disabilitare l\u2019utilizzo dei cookies, seguendo le indicazioni fornite dai ogni browser: Internet Explorer, Chrome, Firefox, Opera, Safari, etc. Le ricordiamo, tuttavia, che impostare il browser disabilitando i cookies potrebbe influenzare la sua esperienza di navigazione nei siti web.<br \/>\nTITOLARE del trattamento \u00e8:<br \/>\nCinzia Mattio (Azienda Agricola La Barona), info@ponyconnemara.com<\/p>\n<h5>INFORMATIVA ESTESA<\/h5>\n<p>\u2022 <a href=\"#premessa\">Premessa<\/a><br \/>\n\u2022 <a href=\"#oggetto-trattamento\">Dati personali oggetto del trattamento<\/a><br \/>\n\u2022 <a href=\"#cookie-policy\">Cookie policy<\/a><br \/>\n\u2022 <a href=\"#finalita-trattamento\">Finalit\u00e0 del trattamento<\/a><br \/>\n\u2022 <a href=\"#destinatari-dati\">Destinatari dei dati personali<\/a><br \/>\n\u2022 <a href=\"#conservazione-dati\">Conservazione dei dati<\/a><br \/>\n\u2022 <a href=\"#diritti-soggetto\">Diritti dell&#8217;interessato<\/a><br \/>\n\u2022 <a href=\"#modifiche\">Modifiche<\/a><a name=\"premessa\"><\/a><\/p>\n<div style=\"text-align: right;\"><a href=\"#\">Su ^<\/a><\/div>\n<p>\u2022 <span style=\"color: #000;\"><strong>PREMESSA<\/strong><\/span><br \/>\nInformiamo che, in conformit\u00e0 al Regolamento EU 2016\/679 (GDPR), ci impegnamo per la tutela della sua Privacy e in questo documento descriviamo la nostra Politica sulla Privacy, indicando come le sue informazioni personali vengono gestite quando utilizza i nostri servizi e consentendole di prestare un consenso al trattamento dei suoi DATI PERSONALI espresso e consapevole nelle sezioni del PRESENTE SITO ove viene richiesto di fornire i DATI PERSONALI.<br \/>\nI contenuti e i servizi proposti sul PRESENTE SITO sono erogati solo a coloro che ne fanno esplicita richiesta, e nelle varie sezioni del PRESENTE SITO (ove raccogliamo DATI PERSONALI) sono pubblicate specifiche informative ai sensi dell\u2019art. 13 del GDPR per sua presa visione prima della fornitura dei dati richiesti.<\/p>\n<p>TITOLARE del trattamento \u00e8:<br \/>\nCinzia Mattio (Azienda Agricola La Barona), info@ponyconnemara.com<br \/>\nSi dichiara che il TITOLARE applica il GDPR e prevede la tutela delle persone e di altri soggetti rispetto al trattamento dei DATI PERSONALI. Secondo la normativa indicata, i trattamenti effettuati dal PRESENTE SITO saranno improntati ai principi di liceit\u00e0, correttezza, trasparenza, limitazione delle finalit\u00e0 e della conservazione, minimizzazione dei dati, esattezza, integrit\u00e0 e riservatezza.<br \/>\n<a name=\"oggetto-trattamento\"><\/a><\/p>\n<div style=\"text-align: right;\"><a href=\"#\">Su ^<\/a><\/div>\n<p>\u2022 <span style=\"color: #000;\"><strong>DATI PERSONALI OGGETTO DEL TRATTAMENTO<\/strong><\/span><br \/>\nPer \u201ctrattamento di DATI PERSONALI\u201d intendiamo qualsiasi operazione o insieme di operazioni, compiute con o senza l\u2019ausilio di processi automatizzati e applicate a DATI PERSONALI o insiemi di DATI PERSONALI, come la raccolta, la registrazione, l\u2019organizzazione, la strutturazione, la conservazione, l\u2019adattamento o la modifica, l\u2019estrazione, la consultazione, l\u2019uso, la comunicazione mediante trasmissione, diffusione o qualsiasi altra forma di messa a disposizione, il raffronto o l\u2019interconnessione, la limitazione, la cancellazione o la distruzione (Art. 4.2 del GDPR).<\/p>\n<p>La informiamo che i DATI PERSONALI oggetto di trattamento saranno costituiti \u2013 anche a seconda delle sue decisioni su come utilizzare i servizi del PRESENTE SITO \u2013 da un identificativo come il nome, l\u2019indirizzo email, il numero di telefono o altro numero di identificazione, dati relativi all\u2019ubicazione e altri dati idonei a renderla identificato\/a o identificabile, a seconda del tipo di servizi richiesti (di seguito solo \u201cDATI PERSONALI\u201d). Il TITOLARE qui non raccoglie in alcun caso categorie particolari di dati (religione, appartenenza politica, stato di salute, ecc.).<\/p>\n<p>Le categorie di DATI PERSONALI trattati attraverso il PRESENTE SITO sono i seguenti:<\/p>\n<p>a) Dati forniti volontariamente dall\u2019interessato<br \/>\nb) Dati di navigazione<\/p>\n<p>a) Dati forniti volontariamente dall\u2019interessato<br \/>\nNell\u2019utilizzo di particolari aree del PRESENTE SITO potrebbe verificarsi un trattamento dei DATI PERSONALI da lei volontariamente lasciati al fine di essere ricontattato e\/o ottenere in cambio un servizio, quale ad esempio: richiesta d\u2019informazione, offerte personalizzate, inserimento nelle newsletter, acquisto di prodotto o servizi.<\/p>\n<p>b) Dati di navigazione<br \/>\nI sistemi informatici e le procedure software preposte al funzionamento del PRESENTE SITO acquisiscono, nel corso del loro normale esercizio, alcuni DATI PERSONALI la cui trasmissione \u00e8 implicita nell\u2019uso dei protocolli di comunicazione di Internet.<br \/>\nDurante la navigazione del PRESENTE SITO, vengono anche utilizzati alcuni Cookie, per la cui specifica si rimanda alla sezione successiva dedicata alla COOKIE POLICY.<br \/>\n<a name=\"cookie-policy\"><\/a><\/p>\n<div style=\"text-align: right;\"><a href=\"#\">Su ^<\/a><\/div>\n<p>\u2022 <span style=\"color: #000;\"><strong>COOKIE POLICY<\/strong><\/span><br \/>\n<strong>Cosa sono i cookie<\/strong><br \/>\nI cookie (letteralmente \u201cbiscottini\u201d) sono piccoli file di testo che memorizzano diverse tipologie di informazioni sull\u2019utente che sta visitando un sito web, come la sua localizzazione, il dispositivo da cui si collega (pc, smartphone, tablet), il browser che usa, etc.<\/p>\n<p>Pi\u00f9 nello specifico, si distinguono due categorie di cookie:<br \/>\n&#8211; Cookie \u201ctecnici\u201d strettamente necessari al funzionamento e fruizione del servizio web, sono utilizzati per raccogliere informazioni sulle visite al sito.<br \/>\n&#8211; Cookie di \u201cprofilazione\u201d, che servono a delineare il profilo dell\u2019utente ed inviargli pubblicit\u00e0 mirata. Noi non facciamo uso di questo tipo di cookie.<\/p>\n<p><strong>Tipologie di cookie del sito<\/strong><br \/>\n&#8211; Tutti i cookie impiegati nel PRESENTE SITO non consentono l\u2019acquisizione di DATI PERSONALI dell\u2019utente e non possono richiamare nessun altro dato dal disco fisso dell\u2019utente o trasmettere virus informatici o impossessarsi dell\u2019indirizzo di posta elettronica (e-mail) dell\u2019utente.<br \/>\n&#8211; Navigando nel PRESENTE SITO saranno scaricati solo cookie definiti \u201ctecnici\u201d, necessari alla fruizione del sito: in particolare, l\u2019utente presta consenso all\u2019installazione di questa tipologia di cookie semplicemente proseguendo la navigazione nel sito, con la selezione di un link o un\u2019azione di scroll nella pagina stessa.<br \/>\n&#8211; Navigando nel PRESENTE SITO potrebbero essere scaricati anche cookie di terze parti, collegati ad altri siti web eventualmente consultati dall\u2019utente tramite link: navigando nel sito si potr\u00e0, infatti, essere reindirizzati a funzioni di altri siti, che a loro volta utilizzano cookie e per i quali far\u00e0 fede la relativa policy.<br \/>\n&#8211; Navigando nel PRESENTE SITO saranno scaricati anche cookie di Google Analytics, esclusivamente per scopi statistici. In particolare, \u00e8 stato utilizzato un codice che consente il <a href=\"https:\/\/support.google.com\/analytics\/answer\/2763052?hl=it&amp;ref_topic=2919631\">mascheramento dell&#8217;indirizzo IP<\/a> da cui si connette il visitatore. I cookie in questione raccolgono informazioni in forma aggregata al fine di monitorare e analizzare gli accessi alle pagine del sito: le informazioni generate dal cookie sull\u2019utilizzo del sito web vengono comunicate a Google Inc. Per maggiori informazioni consultare la Privacy Policy di Google Inc.<\/p>\n<p>Navigando nel PRESENTE SITO si acconsente all\u2019utilizzo di cookie in conformit\u00e0 con la presente Policy, ricordando che i cookies memorizzati sul disco fisso del suo dispositivo possono essere cancellati in ogni momento. Se non acconsente all\u2019utilizzo di cookies in questo modo, pu\u00f2 decidere di non utilizzare il nostro sito oppure disabilitare l\u2019utilizzo dei cookies, seguendo le indicazioni fornite dai ogni browser: Internet Explorer, Chrome, Firefox, Opera, Safari, etc. Le ricordiamo, tuttavia, che impostare il browser disabilitando i cookies potrebbe influenzare la sua esperienza di navigazione nei siti web.<br \/>\n<a name=\"finalita-trattamento\"><\/a><\/p>\n<div style=\"text-align: right;\"><a href=\"#\">Su ^<\/a><\/div>\n<p>\u2022 <span style=\"color: #000;\"><strong>FINALITA\u2019 DEL TRATTAMENTO<\/strong><\/span><br \/>\nIl trattamento che intendiamo effettuare, dietro suo specifico consenso (ove necessario), ha le seguenti finalit\u00e0:<br \/>\n&#8211; Migliorare la navigazione nel sito: consentire la navigazione, la consultazione e visionare materiale informativo nel PRESENTE SITO, oltre che migliorare la sua esperienza di navigazione nel PRESENTE SITO.<br \/>\n&#8211; Rispondere a richieste d\u2019informazione: rispondere a richieste di informazioni, che riceveremo via e-mail, telefono oppure tramite apposito form, su servizi e soluzioni proposte sul PRESENTE SITO.<\/p>\n<p>Il conferimento dei suoi DATI PERSONALI ai fini di trattamenti eseguiti per finalit\u00e0 basate sul rilascio del suo consenso (ai sensi dell\u2019Art. 6.1(a) del GDPR) \u00e8 del tutto facoltativo e non pregiudica la fruizione degli altri servizi del PRESENTE SITO.<br \/>\n<a name=\"destinatari-dati\"><\/a><\/p>\n<div style=\"text-align: right;\"><a href=\"#\">Su ^<\/a><\/div>\n<p>\u2022 <span style=\"color: #000;\"><strong>DESTINATARI DEI DATI PERSONALI<\/strong><\/span><br \/>\nI suoi DATI PERSONALI potranno essere trattati con mezzi elettronici ad accesso riservato a soggetti incaricati e autorizzati dal TITOLARE, il quale ha predisposto tutte le misure di sicurezza informatica necessarie per ridurre al minimo il rischio di violazione della privacy da parte di terzi, ed \u00e8 in ogni momento pronto ad adottare le misure di sicurezza che si dimostrino indispensabili.<\/p>\n<p>I suoi DATI PERSONALI potranno essere condivisi, per le \u201cFinalit\u00e0 di trattamento\u201d sopra elencate, con:<br \/>\n&#8211; Soggetti che svolgono attivit\u00e0 necessarie ai servizi offerti dal TITOLARE, ovvero soggetti con i quali sia necessario interagire per l\u2019erogazione dei servizi, oppure delegati a svolgere attivit\u00e0 di manutenzione tecnica (inclusa la manutenzione degli apparati di rete e delle reti di comunicazione elettronica).<br \/>\n&#8211; Persone autorizzate dal TITOLARE al trattamento di DATI PERSONALI necessarie a svolgere attivit\u00e0 strettamente correlate all\u2019erogazione dei servizi, che si siano impegnate alla riservatezza o abbiano un adeguato obbligo legale di riservatezza, quali i collaboratori del TITOLARE.<br \/>\n<a name=\"conservazione-dati\"><\/a><\/p>\n<div style=\"text-align: right;\"><a href=\"#\">Su ^<\/a><\/div>\n<p>\u2022 <span style=\"color: #000;\"><strong>CONSERVAZIONE DEI DATI<\/strong><\/span><br \/>\nI DATI PERSONALI trattati per le finalit\u00e0 sopra descritte saranno conservati per il tempo strettamente necessario a raggiungere quelle stesse finalit\u00e0. In ogni caso, trattandosi di trattamenti svolti per la fornitura di servizi, il TITOLARE tratter\u00e0 i DATI PERSONALI fino al tempo permesso dalla normativa Italiana a tutela dei propri interessi (Art. 2946 c.c. e ss.).<\/p>\n<p>I DATI PERSONALI trattati per le finalit\u00e0 di \u201cObbligo di legge\u201d saranno conservati fino al tempo previsto dallo specifico obbligo o norma di legge applicabile.<\/p>\n<p>Per le finalit\u00e0 di \u201cStatistiche\u201d i suoi DATI PERSONALI saranno invece trattati fino alla revoca del suo consenso oppure fino a 3 anni dopo che lei abbia cessato di essere cliente del TITOLARE o si sia semplicemente registrato sul PRESENTE SITO e non abbia fatto alcun acquisto di prodotti o servizi.<\/p>\n<p>\u00c8 fatta salva in ogni caso la possibilit\u00e0 del TITOLARE di conservare i suoi DATI PERSONALI fino al tempo permesso dalla legge Italiana a tutela dei propri interessi (Art. 2947(1)(3) c.c.). Maggiori informazioni in merito al periodo di conservazione dei dati e ai criteri utilizzati per determinare tale periodo possono essere richieste per email al TITOLARE.<br \/>\n<a name=\"diritti-soggetto\"><\/a><\/p>\n<div style=\"text-align: right;\"><a href=\"#\">Su ^<\/a><\/div>\n<p>\u2022 <span style=\"color: #000;\"><strong>DIRITTI DELL\u2019INTERESSATO<\/strong><\/span><br \/>\nLei ha il diritto di chiedere al TITOLARE, in qualunque momento, l\u2019accesso ai suoi DATI PERSONALI (secondo Art. 15 del GDPR), la rettifica (secondo Art. 16 del GDPR), la cancellazione degli stessi (secondo Art. 17 del GDPR), la limitazione del trattamento (secondo Art. 18 del GDPR) o di opporsi al loro trattamento nei casi previsti dall\u2019Articolo 21 del GDPR, nonch\u00e9 di ottenere in un formato strutturato, di uso comune e leggibile da dispositivo automatico, i dati che la riguardano (\u201cportabilit\u00e0\u201d secondo Art. 20 del GDPR).<br \/>\nLei ha anche il diritto di revocare, in qualsiasi momento, il consenso fornito in precedenza, con la stessa semplicit\u00e0 con cui ci \u00e8 stato dato.<br \/>\nTutte le richieste possono essere rivolte scrivendo una email al TITOLARE, usando l\u2019indirizzo indicato all\u2019inizio del presente documento.<br \/>\nIn ogni caso lei ha sempre diritto di proporre reclamo all\u2019autorit\u00e0 di controllo competente (Garante per la Protezione dei DATI PERSONALI), ai sensi dell\u2019art. 77 del GDPR, qualora ritenga che il trattamento dei suoi DATI PERSONALI sia contrario alla normativa in vigore.<br \/>\n<a name=\"modifiche\"><\/a><\/p>\n<div style=\"text-align: right;\"><a href=\"#\">Su ^<\/a><\/div>\n<p>\u2022 <span style=\"color: #000;\"><strong>MODIFICHE<\/strong><\/span><br \/>\nLa presente PRIVACY POLICY \u00e8 in vigore dal 21 maggio 2018. Il TITOLARE si riserva di modificarne o semplicemente aggiornarne il contenuto, in parte o completamente, anche a causa di variazioni della normativa applicabile. Qualora le modifiche alla presente Policy riguardino cambiamenti sostanziali nei trattamenti oppure possano avere comunque un impatto rilevante sugli interessati, il TITOLARE avr\u00e0 cura di notificarle opportunamente agli interessati.<\/p>\n<div style=\"text-align: right;\"><a href=\"#\">Su ^<\/a><\/div>\n","protected":false},"excerpt":{"rendered":"<p>INFORMATIVA BREVE In conformit\u00e0 al Regolamento EU 2016\/679 (GDPR), ci impegnamo per la tutela della sua Privacy nel trattamento dei DATI PERSONALI da lei forniti volontariamente per la richiesta di specifici servizi e\/o per essere contattato. Il PRESENTE SITO utilizza soltanto Cookie \u201ctecnici\u201d, necessari ad una migliore fruizione da parte del visitatore e per raccogliere [&hellip;]<\/p>\n","protected":false},"author":1,"featured_media":0,"parent":0,"menu_order":0,"comment_status":"closed","ping_status":"closed","template":"","meta":{"footnotes":"","_links_to":"","_links_to_target":""},"class_list":["post-374","page","type-page","status-publish","hentry"],"yoast_head":"<!-- This site is optimized with the Yoast SEO plugin v27.4 - https:\/\/yoast.com\/product\/yoast-seo-wordpress\/ -->\n<title>Informativa Privacy e Cookie Policy - Pony Connemara<\/title>\n<meta name=\"robots\" content=\"index, follow, max-snippet:-1, max-image-preview:large, max-video-preview:-1\" \/>\n<link rel=\"canonical\" href=\"https:\/\/ponyconnemara.it\/www\/privacy_cookie-policy\/\" \/>\n<meta property=\"og:locale\" content=\"it_IT\" \/>\n<meta property=\"og:type\" content=\"article\" \/>\n<meta property=\"og:title\" content=\"Informativa Privacy e Cookie Policy - Pony Connemara\" \/>\n<meta property=\"og:description\" content=\"INFORMATIVA BREVE In conformit\u00e0 al Regolamento EU 2016\/679 (GDPR), ci impegnamo per la tutela della sua Privacy nel trattamento dei DATI PERSONALI da lei forniti volontariamente per la richiesta di specifici servizi e\/o per essere contattato. Il PRESENTE SITO utilizza soltanto Cookie \u201ctecnici\u201d, necessari ad una migliore fruizione da parte del visitatore e per raccogliere [&hellip;]\" \/>\n<meta property=\"og:url\" content=\"https:\/\/ponyconnemara.it\/www\/privacy_cookie-policy\/\" \/>\n<meta property=\"og:site_name\" content=\"Pony Connemara\" \/>\n<meta property=\"article:publisher\" content=\"https:\/\/www.facebook.com\/Azienda-Agricola-La-Barona-1414832492104816\/\" \/>\n<meta property=\"article:modified_time\" content=\"2018-12-18T19:20:38+00:00\" \/>\n<meta property=\"og:image\" content=\"https:\/\/ponyconnemara.it\/www\/imgs\/logo_LaBarona_ponyconnemara_whitebg_320px.png\" \/>\n\t<meta property=\"og:image:width\" content=\"320\" \/>\n\t<meta property=\"og:image:height\" content=\"320\" \/>\n\t<meta property=\"og:image:type\" content=\"image\/png\" \/>\n<meta name=\"twitter:label1\" content=\"Tempo di lettura stimato\" \/>\n\t<meta name=\"twitter:data1\" content=\"9 minuti\" \/>\n<script type=\"application\/ld+json\" class=\"yoast-schema-graph\">{\"@context\":\"https:\\\/\\\/schema.org\",\"@graph\":[{\"@type\":\"WebPage\",\"@id\":\"https:\\\/\\\/ponyconnemara.it\\\/www\\\/privacy_cookie-policy\\\/\",\"url\":\"https:\\\/\\\/ponyconnemara.it\\\/www\\\/privacy_cookie-policy\\\/\",\"name\":\"Informativa Privacy e Cookie Policy - Pony Connemara\",\"isPartOf\":{\"@id\":\"https:\\\/\\\/ponyconnemara.it\\\/www\\\/#website\"},\"datePublished\":\"2016-10-22T20:26:40+00:00\",\"dateModified\":\"2018-12-18T19:20:38+00:00\",\"breadcrumb\":{\"@id\":\"https:\\\/\\\/ponyconnemara.it\\\/www\\\/privacy_cookie-policy\\\/#breadcrumb\"},\"inLanguage\":\"it-IT\",\"potentialAction\":[{\"@type\":\"ReadAction\",\"target\":[\"https:\\\/\\\/ponyconnemara.it\\\/www\\\/privacy_cookie-policy\\\/\"]}]},{\"@type\":\"BreadcrumbList\",\"@id\":\"https:\\\/\\\/ponyconnemara.it\\\/www\\\/privacy_cookie-policy\\\/#breadcrumb\",\"itemListElement\":[{\"@type\":\"ListItem\",\"position\":1,\"name\":\"Home\",\"item\":\"https:\\\/\\\/ponyconnemara.it\\\/www\\\/\"},{\"@type\":\"ListItem\",\"position\":2,\"name\":\"Informativa Privacy e Cookie Policy\"}]},{\"@type\":\"WebSite\",\"@id\":\"https:\\\/\\\/ponyconnemara.it\\\/www\\\/#website\",\"url\":\"https:\\\/\\\/ponyconnemara.it\\\/www\\\/\",\"name\":\"Pony Connemara\",\"description\":\"Azienda Agricola La Barona, Villar San Costanzo (CN)\",\"publisher\":{\"@id\":\"https:\\\/\\\/ponyconnemara.it\\\/www\\\/#organization\"},\"potentialAction\":[{\"@type\":\"SearchAction\",\"target\":{\"@type\":\"EntryPoint\",\"urlTemplate\":\"https:\\\/\\\/ponyconnemara.it\\\/www\\\/?s={search_term_string}\"},\"query-input\":{\"@type\":\"PropertyValueSpecification\",\"valueRequired\":true,\"valueName\":\"search_term_string\"}}],\"inLanguage\":\"it-IT\"},{\"@type\":\"Organization\",\"@id\":\"https:\\\/\\\/ponyconnemara.it\\\/www\\\/#organization\",\"name\":\"Azienda Agricola La Barona\",\"url\":\"https:\\\/\\\/ponyconnemara.it\\\/www\\\/\",\"logo\":{\"@type\":\"ImageObject\",\"inLanguage\":\"it-IT\",\"@id\":\"https:\\\/\\\/ponyconnemara.it\\\/www\\\/#\\\/schema\\\/logo\\\/image\\\/\",\"url\":\"https:\\\/\\\/ponyconnemara.it\\\/www\\\/imgs\\\/logo_LaBarona_ponyconnemara_whitebg.png\",\"contentUrl\":\"https:\\\/\\\/ponyconnemara.it\\\/www\\\/imgs\\\/logo_LaBarona_ponyconnemara_whitebg.png\",\"width\":300,\"height\":294,\"caption\":\"Azienda Agricola La Barona\"},\"image\":{\"@id\":\"https:\\\/\\\/ponyconnemara.it\\\/www\\\/#\\\/schema\\\/logo\\\/image\\\/\"},\"sameAs\":[\"https:\\\/\\\/www.facebook.com\\\/Azienda-Agricola-La-Barona-1414832492104816\\\/\"]}]}<\/script>\n<!-- \/ Yoast SEO plugin. -->","yoast_head_json":{"title":"Informativa Privacy e Cookie Policy - Pony Connemara","robots":{"index":"index","follow":"follow","max-snippet":"max-snippet:-1","max-image-preview":"max-image-preview:large","max-video-preview":"max-video-preview:-1"},"canonical":"https:\/\/ponyconnemara.it\/www\/privacy_cookie-policy\/","og_locale":"it_IT","og_type":"article","og_title":"Informativa Privacy e Cookie Policy - Pony Connemara","og_description":"INFORMATIVA BREVE In conformit\u00e0 al Regolamento EU 2016\/679 (GDPR), ci impegnamo per la tutela della sua Privacy nel trattamento dei DATI PERSONALI da lei forniti volontariamente per la richiesta di specifici servizi e\/o per essere contattato. Il PRESENTE SITO utilizza soltanto Cookie \u201ctecnici\u201d, necessari ad una migliore fruizione da parte del visitatore e per raccogliere [&hellip;]","og_url":"https:\/\/ponyconnemara.it\/www\/privacy_cookie-policy\/","og_site_name":"Pony Connemara","article_publisher":"https:\/\/www.facebook.com\/Azienda-Agricola-La-Barona-1414832492104816\/","article_modified_time":"2018-12-18T19:20:38+00:00","og_image":[{"width":320,"height":320,"url":"https:\/\/ponyconnemara.it\/www\/imgs\/logo_LaBarona_ponyconnemara_whitebg_320px.png","type":"image\/png"}],"twitter_misc":{"Tempo di lettura stimato":"9 minuti"},"schema":{"@context":"https:\/\/schema.org","@graph":[{"@type":"WebPage","@id":"https:\/\/ponyconnemara.it\/www\/privacy_cookie-policy\/","url":"https:\/\/ponyconnemara.it\/www\/privacy_cookie-policy\/","name":"Informativa Privacy e Cookie Policy - Pony Connemara","isPartOf":{"@id":"https:\/\/ponyconnemara.it\/www\/#website"},"datePublished":"2016-10-22T20:26:40+00:00","dateModified":"2018-12-18T19:20:38+00:00","breadcrumb":{"@id":"https:\/\/ponyconnemara.it\/www\/privacy_cookie-policy\/#breadcrumb"},"inLanguage":"it-IT","potentialAction":[{"@type":"ReadAction","target":["https:\/\/ponyconnemara.it\/www\/privacy_cookie-policy\/"]}]},{"@type":"BreadcrumbList","@id":"https:\/\/ponyconnemara.it\/www\/privacy_cookie-policy\/#breadcrumb","itemListElement":[{"@type":"ListItem","position":1,"name":"Home","item":"https:\/\/ponyconnemara.it\/www\/"},{"@type":"ListItem","position":2,"name":"Informativa Privacy e Cookie Policy"}]},{"@type":"WebSite","@id":"https:\/\/ponyconnemara.it\/www\/#website","url":"https:\/\/ponyconnemara.it\/www\/","name":"Pony Connemara","description":"Azienda Agricola La Barona, Villar San Costanzo (CN)","publisher":{"@id":"https:\/\/ponyconnemara.it\/www\/#organization"},"potentialAction":[{"@type":"SearchAction","target":{"@type":"EntryPoint","urlTemplate":"https:\/\/ponyconnemara.it\/www\/?s={search_term_string}"},"query-input":{"@type":"PropertyValueSpecification","valueRequired":true,"valueName":"search_term_string"}}],"inLanguage":"it-IT"},{"@type":"Organization","@id":"https:\/\/ponyconnemara.it\/www\/#organization","name":"Azienda Agricola La Barona","url":"https:\/\/ponyconnemara.it\/www\/","logo":{"@type":"ImageObject","inLanguage":"it-IT","@id":"https:\/\/ponyconnemara.it\/www\/#\/schema\/logo\/image\/","url":"https:\/\/ponyconnemara.it\/www\/imgs\/logo_LaBarona_ponyconnemara_whitebg.png","contentUrl":"https:\/\/ponyconnemara.it\/www\/imgs\/logo_LaBarona_ponyconnemara_whitebg.png","width":300,"height":294,"caption":"Azienda Agricola La Barona"},"image":{"@id":"https:\/\/ponyconnemara.it\/www\/#\/schema\/logo\/image\/"},"sameAs":["https:\/\/www.facebook.com\/Azienda-Agricola-La-Barona-1414832492104816\/"]}]}},"_links":{"self":[{"href":"https:\/\/ponyconnemara.it\/www\/wp-json\/wp\/v2\/pages\/374","targetHints":{"allow":["GET"]}}],"collection":[{"href":"https:\/\/ponyconnemara.it\/www\/wp-json\/wp\/v2\/pages"}],"about":[{"href":"https:\/\/ponyconnemara.it\/www\/wp-json\/wp\/v2\/types\/page"}],"author":[{"embeddable":true,"href":"https:\/\/ponyconnemara.it\/www\/wp-json\/wp\/v2\/users\/1"}],"replies":[{"embeddable":true,"href":"https:\/\/ponyconnemara.it\/www\/wp-json\/wp\/v2\/comments?post=374"}],"version-history":[{"count":0,"href":"https:\/\/ponyconnemara.it\/www\/wp-json\/wp\/v2\/pages\/374\/revisions"}],"wp:attachment":[{"href":"https:\/\/ponyconnemara.it\/www\/wp-json\/wp\/v2\/media?parent=374"}],"curies":[{"name":"wp","href":"https:\/\/api.w.org\/{rel}","templated":true}]}}